
{"id":15675,"date":"2025-06-23T10:12:33","date_gmt":"2025-06-23T07:12:33","guid":{"rendered":"https:\/\/www.ihu.gr\/ucips\/?page_id=15675"},"modified":"2025-06-23T10:12:33","modified_gmt":"2025-06-23T07:12:33","slug":"chryssa-papathanassiou","status":"publish","type":"page","link":"https:\/\/www.ihu.gr\/ucips\/cv\/chryssa-papathanassiou","title":{"rendered":"Chryssa Papathanassiou"},"content":{"rendered":"<div class=\"fusion-fullwidth fullwidth-box fusion-builder-row-1 fusion-flex-container nonhundred-percent-fullwidth non-hundred-percent-height-scrolling\" style=\"--awb-border-radius-top-left:0px;--awb-border-radius-top-right:0px;--awb-border-radius-bottom-right:0px;--awb-border-radius-bottom-left:0px;--awb-flex-wrap:wrap;\" ><div class=\"fusion-builder-row fusion-row fusion-flex-align-items-flex-start fusion-flex-content-wrap\" style=\"max-width:1331.2px;margin-left: calc(-4% \/ 2 );margin-right: calc(-4% \/ 2 );\"><div class=\"fusion-layout-column fusion_builder_column fusion-builder-column-0 fusion_builder_column_1_1 1_1 fusion-flex-column\" style=\"--awb-bg-size:cover;--awb-width-large:100%;--awb-margin-top-large:10px;--awb-spacing-right-large:1.92%;--awb-margin-bottom-large:10px;--awb-spacing-left-large:1.92%;--awb-width-medium:100%;--awb-order-medium:0;--awb-spacing-right-medium:1.92%;--awb-spacing-left-medium:1.92%;--awb-width-small:100%;--awb-order-small:0;--awb-spacing-right-small:1.92%;--awb-spacing-left-small:1.92%;\"><div class=\"fusion-column-wrapper fusion-column-has-shadow fusion-flex-justify-content-flex-start fusion-content-layout-column\"><div class=\"fusion-text fusion-text-1\"><h2>Chryssa Papathanassiou<\/h2>\n<p><span data-olk-copy-source=\"MessageBody\">Chryssa Papathanassiou\u00a0<\/span><span lang=\"EN-GB\">is an Assistant Professor at the\u00a0<\/span>International Hellenic University (IHU)<span lang=\"EN-GB\">.\u00a0<\/span>Chryssa is a member of the Athens and New York Bars, holds a\u00a0<span lang=\"EN-GB\">Ph.D<\/span>. from the Law School of the University of Konstanz, and an LL.M from Yale Law School where she was a Friedrich-Naumann and a Fulbright Scholar respectively. Prior to joining the\u00a0<span lang=\"EN-GB\">IHU<\/span>, Chryssa\u00a0<span lang=\"EN-GB\">was a member of the CPMI working group authoring the 2006 report on derivatives clearing and\u00a0<\/span>worked\u00a0<span lang=\"EN-GB\">in various functions\u00a0<\/span>at the\u00a0<span lang=\"EN-GB\">European Central Bank, as well as at the\u00a0<\/span>legal department of\u00a0<span lang=\"EN-GB\">Commerzbank<\/span>.\u00a0<span lang=\"EN-GB\">Chryssa\u2019s expertise covers digital innovation, climate risk, derivatives, and banking regulation.<\/span><\/p>\n<p><strong>Selected Publications<\/strong><\/p>\n<p class=\"x_MsoNormal\"><span data-olk-copy-source=\"MessageBody\">Nieto, Maria J.\u00a0<\/span><span lang=\"EN-GB\">and\u00a0<\/span>Papathanassiou, Chryssa<span lang=\"EN-GB\">,<\/span><span lang=\"EN-GB\">\u00a0<\/span>Different Shades of Green: EU Corporate Disclosure Rules and Their Effectiveness in Limiting \u201cGreenwashing\u201d (March, 2025). ECB Occasional Paper No. 2025\/370, Available at SSRN:<span class=\"x_apple-converted-space\">\u00a0<\/span><a title=\"https:\/\/ssrn.com\/abstract=5179587\" href=\"https:\/\/ssrn.com\/abstract=5179587\" data-auth=\"NotApplicable\" data-linkindex=\"2\">https:\/\/ssrn.com\/abstract=5179587<\/a><span class=\"x_apple-converted-space\">\u00a0<\/span>or<span class=\"x_apple-converted-space\">\u00a0<\/span><a title=\"https:\/\/dx.doi.org\/10.2139\/ssrn.5179587\" href=\"https:\/\/dx.doi.org\/10.2139\/ssrn.5179587\" data-auth=\"NotApplicable\" data-linkindex=\"3\">http:\/\/dx.doi.org\/10.2139\/ssrn.5179587<\/a><\/p>\n<p class=\"x_MsoNormal\">Papathanassiou, Chryssa, Digital Innovation and Banking Regulation (June, 2024). ECB Occasional Paper No. 2024\/351, Available at\u00a0SSRN:<span class=\"x_apple-converted-space\">\u00a0<\/span><a title=\"https:\/\/ssrn.com\/abstract=4860754\" href=\"https:\/\/ssrn.com\/abstract=4860754\" data-auth=\"NotApplicable\" data-linkindex=\"4\">https:\/\/ssrn.com\/abstract=4860754<\/a><span class=\"x_apple-converted-space\">\u00a0<\/span>or<span class=\"x_apple-converted-space\">\u00a0<\/span><a title=\"https:\/\/dx.doi.org\/10.2139\/ssrn.4860754\" href=\"https:\/\/dx.doi.org\/10.2139\/ssrn.4860754\" data-auth=\"NotApplicable\" data-linkindex=\"5\">http:\/\/dx.doi.org\/10.2139\/ssrn.4860754<\/a><\/p>\n<p class=\"x_MsoNormal\">Nieto, Maria J. and Papathanassiou, Chryssa, Financing the Orderly Transition to a Low Carbon Economy in the EU: the Regulatory Framework for the Banking Channel (April 29, 2023). Journal of Banking Regulation, June 2023, Available at SSRN:<span class=\"x_apple-converted-space\">\u00a0<\/span><a title=\"https:\/\/ssrn.com\/abstract=4429957\" href=\"https:\/\/ssrn.com\/abstract=4429957\" data-auth=\"NotApplicable\" data-linkindex=\"6\">https:\/\/ssrn.com\/abstract=4429957<\/a><span class=\"x_apple-converted-space\">\u00a0<\/span>or<span class=\"x_apple-converted-space\">\u00a0<\/span><a title=\"https:\/\/dx.doi.org\/10.2139\/ssrn.4429957\" href=\"https:\/\/dx.doi.org\/10.2139\/ssrn.4429957\" data-auth=\"NotApplicable\" data-linkindex=\"7\">http:\/\/dx.doi.org\/10.2139\/ssrn.4429957<\/a><\/p>\n<p class=\"x_MsoNormal\"><em>Papathanassiou<\/em><em><span lang=\"DE\">, Chryssa<\/span><\/em><em>\u00a0in Ellenberger\/Bunte Bank<\/em><em><span lang=\"DE\">rechts<\/span><\/em><em>-H<\/em><em><span lang=\"DE\">an<\/span><\/em><em>d<\/em><em><span lang=\"DE\">buch<\/span><\/em><span class=\"x_apple-converted-space\"><span lang=\"DE\">,<\/span><\/span>\u00a0\u00a7 120. Das Europ\u00e4ische System der Zentralbanken und die Europ\u00e4ische Zentralbank<span lang=\"DE\">. Beck Verlag,\u00a0<\/span>6. Auflage 2022.<\/p>\n<p class=\"x_MsoNormal\">Papathanassiou, Chryssa, Fundamental Rights and Banking Supervision (June 28, 2022). Journal of Banking Regulation (2022).\u00a0<a title=\"https:\/\/doi.org\/10.1057\/s41261-022-00204-5\" href=\"https:\/\/doi.org\/10.1057\/s41261-022-00204-5\" data-auth=\"NotApplicable\" data-linkindex=\"8\">https:\/\/doi.org\/10.1057\/s41261-022-00204-5<\/a>\u00a0, Available at SSRN:<span class=\"x_apple-converted-space\">\u00a0<\/span><a title=\"https:\/\/ssrn.com\/abstract=4433283\" href=\"https:\/\/ssrn.com\/abstract=4433283\" data-auth=\"NotApplicable\" data-linkindex=\"9\">https:\/\/ssrn.com\/abstract=4433283<\/a><\/p>\n<p class=\"x_MsoNormal\"><span lang=\"EN-GB\">Papathanassiou, Chryssa, Article 18 of the SSM Regulation, in Binder\/Gortsos\/Lackhoff\/Ohler, European Banking Union, Brussels Commentary, Hart Publishing, Oxford and Nomos, 2022.<\/span><\/p>\n<p class=\"x_MsoNormal\"><span lang=\"DE\">Papathanassiou, Chryssa and Georgios Zagouras,\u00a0<\/span>Mehr Sicherheit f\u00fcr den Finanzsektor: der Europ\u00e4ische Ausschuss f\u00fcr Systemrisiken und die Rolle der EZB<strong><span lang=\"DE\">,\u00a0<\/span><\/strong><em>WM<\/em>\u00a02010 Heft 34, 1584.<\/p>\n<p class=\"x_MsoNormal\">Bliss, Robert R. and Papathanassiou, Chryssa, Derivatives Clearing, Central Counterparties and Novation: The Economic Implications (March 8, 2006). Available at SSRN:<span class=\"x_apple-converted-space\">\u00a0<\/span><a title=\"https:\/\/ssrn.com\/abstract=3761950\" href=\"https:\/\/ssrn.com\/abstract=3761950\" data-auth=\"NotApplicable\" data-linkindex=\"10\">https:\/\/ssrn.com\/abstract=3761950<\/a><span class=\"x_apple-converted-space\">\u00a0<\/span>or<span class=\"x_apple-converted-space\">\u00a0<\/span><a title=\"https:\/\/dx.doi.org\/10.2139\/ssrn.3761950\" href=\"https:\/\/dx.doi.org\/10.2139\/ssrn.3761950\" data-auth=\"NotApplicable\" data-linkindex=\"11\">http:\/\/dx.doi.org\/10.2139\/ssrn.3761950<\/a><\/p>\n<p class=\"x_MsoNormal\">Russo, Daniela and Hart, Terry L. and Malaguti, Maria Chiara and Papathanassiou, Chryssa, Governance of Securities Clearing and Settlement Systems (October 2004). ECB Occasional Paper No. 21, Available at SSRN:<span class=\"x_apple-converted-space\">\u00a0<\/span><a title=\"https:\/\/ssrn.com\/abstract=752070\" href=\"https:\/\/ssrn.com\/abstract=752070\" data-auth=\"NotApplicable\" data-linkindex=\"12\">https:\/\/ssrn.com\/abstract=752070<\/a><span class=\"x_apple-converted-space\">\u00a0<\/span>or<span class=\"x_apple-converted-space\">\u00a0<\/span><a title=\"https:\/\/dx.doi.org\/10.2139\/ssrn.752070\" href=\"https:\/\/dx.doi.org\/10.2139\/ssrn.752070\" data-auth=\"NotApplicable\" data-linkindex=\"13\">http:\/\/dx.doi.org\/10.2139\/ssrn.752070<\/a><\/p>\n<p class=\"x_MsoNormal\">Russo, Daniela and Caviglia, Giacomo and Papathanassiou, Chryssa and Rosati, Simonetta, Prudential and Oversight Requirements for Securities Settlement (December 2007). ECB Occasional Paper No. 76, Available at SSRN:<span class=\"x_apple-converted-space\">\u00a0<\/span><a title=\"https:\/\/ssrn.com\/abstract=1005938.\" href=\"https:\/\/ssrn.com\/abstract=1005938.\" data-auth=\"NotApplicable\" data-linkindex=\"14\">https:\/\/ssrn.com\/abstract=1005938.<\/a><span class=\"x_apple-converted-space\">\u00a0<\/span>or<span class=\"x_apple-converted-space\">\u00a0<\/span><a title=\"https:\/\/dx.doi.org\/10.2139\/ssrn.1005938\" href=\"https:\/\/dx.doi.org\/10.2139\/ssrn.1005938\" data-auth=\"NotApplicable\" data-linkindex=\"15\">http:\/\/dx.doi.org\/10.2139\/ssrn.1005938<\/a><\/p>\n<p><strong>Academic Monographs<\/strong><\/p>\n<p class=\"x_MsoNormal\"><span lang=\"EL\" data-olk-copy-source=\"MessageBody\">\u03a4\u03bf \u03b4\u03af\u03ba\u03b1\u03b9\u03bf \u03c4\u03b7\u03c2 \u03b5\u03ba\u03ba\u03b1\u03b8\u03ac\u03c1\u03b9\u03c3\u03b7\u03c2 \u03c0\u03b1\u03c1\u03b1\u03b3\u03ce\u03b3\u03c9\u03bd, \u0395\u03ba\u03b4\u03cc\u03c3\u03b5\u03b9\u03c2 \u03a3\u03ac\u03ba\u03ba\u03bf\u03c5\u03bb\u03b1, 2008<\/span><\/p>\n<p class=\"x_MsoNormal\"><span lang=\"DE\">Grenz\u00fcberschreitende Unternehmens\u00fcbernahmen im deutschen und griechischen Recht, Peter Lang, 1995<\/span><\/p>\n<\/div><\/div><\/div><\/div><\/div>\n","protected":false},"excerpt":{"rendered":"","protected":false},"author":1,"featured_media":0,"parent":3268,"menu_order":0,"comment_status":"closed","ping_status":"closed","template":"","meta":{"_acf_changed":false,"footnotes":""},"class_list":["post-15675","page","type-page","status-publish","hentry"],"acf":[],"_links":{"self":[{"href":"https:\/\/www.ihu.gr\/ucips\/wp-json\/wp\/v2\/pages\/15675","targetHints":{"allow":["GET"]}}],"collection":[{"href":"https:\/\/www.ihu.gr\/ucips\/wp-json\/wp\/v2\/pages"}],"about":[{"href":"https:\/\/www.ihu.gr\/ucips\/wp-json\/wp\/v2\/types\/page"}],"author":[{"embeddable":true,"href":"https:\/\/www.ihu.gr\/ucips\/wp-json\/wp\/v2\/users\/1"}],"replies":[{"embeddable":true,"href":"https:\/\/www.ihu.gr\/ucips\/wp-json\/wp\/v2\/comments?post=15675"}],"version-history":[{"count":1,"href":"https:\/\/www.ihu.gr\/ucips\/wp-json\/wp\/v2\/pages\/15675\/revisions"}],"predecessor-version":[{"id":15676,"href":"https:\/\/www.ihu.gr\/ucips\/wp-json\/wp\/v2\/pages\/15675\/revisions\/15676"}],"up":[{"embeddable":true,"href":"https:\/\/www.ihu.gr\/ucips\/wp-json\/wp\/v2\/pages\/3268"}],"wp:attachment":[{"href":"https:\/\/www.ihu.gr\/ucips\/wp-json\/wp\/v2\/media?parent=15675"}],"curies":[{"name":"wp","href":"https:\/\/api.w.org\/{rel}","templated":true}]}}